e highest common divisor of j and s.
6
Let x be -1 - (-4 + 3/1). Suppose -4*y + 0 + 512 = x. Suppose -80 = 4*h - 9*h. What is the greatest common divisor of h and y?
16
Let y(d) = d**2 + 8*d + 60. Let z be y(-5). What is the highest common factor of 60 and z?
15
Let w(k) = k**2 + 2*k - 12. Suppose -2*j + 6*s - 3*s = 9, -2*j = -4*s + 8. Let a be w(j). What is the highest common divisor of a and 24?
12
Suppose 2*t + 1144 - 3046 = 0. Let h be (6/(-18))/((-1)/t). Suppose -252 = -3*u + 4*n, 2*u + 2*u = -n + h. Calculate the greatest common factor of 10 and u.
10
Let b = 29 - 44. Let v = -13 - b. Let m(a) = 18*a**3 - a**2 + a - 2. Let w be m(v). What is the greatest common factor of 20 and w?
20
Let g be 6 - 4 - -1*1. Suppose -2*p - g = 3, 5*p = 2*d - 25. What is the greatest common factor of d and 45?
5
Suppose -5*z + 16 = -59. Let n = 11 - 5. Suppose -i = -24 - n. Calculate the greatest common divisor of z and i.
15
Suppose -527 = -4*m - 455. What is the highest common factor of 864 and m?
18
Suppose 2*i + 4 - 20 = 0. Let o be ((-2)/3)/(i/(-108)). Let v(w) = -w**2 + 10*w + 2. Let x be v(o). What is the highest common factor of 77 and x?
11
Let u = -45 - -28. Let s = 28 - u. Suppose c = 2*v + 11, -6*v = 2*c - 2*v + 2. What is the greatest common factor of s and c?
5
Let v be 55 - 28/7*-2. What is the greatest common factor of v and 27?
9
Suppose -10*d + 4*d = -312. What is the highest common divisor of 286 and d?
26
Suppose -3*w = -x - 2014, 2694 = 3*w + w + 3*x. Calculate the highest common divisor of 21 and w.
21
Let r(a) = -27*a + 112. Let b be r(-4). What is the greatest common divisor of 40 and b?
20
Let s be -2 + -9*(-16)/(-12). Let o be (100/s)/(-5)*7. Let f(t) = 5*t**2 + 3*t + 1. Let v be f(-2). What is the greatest common divisor of v and o?
5
Suppose -18*x = -19*x - 4, 0 = -5*n - 4*x + 114. Let v(i) = -i**3 + i**2 + i + 91. Let u be v(0). What is the highest common divisor of n and u?
13
Let y(d) = d**3 + 3*d**2 - 5*d - 3. Let u be y(3). What is the greatest common divisor of 63 and u?
9
Suppose 0 = 4*y + 299 - 395. Let g = -46 + 82. What is the highest common divisor of y and g?
12
Suppose 3*y = -3, -2*a + 5 = 5*y - 6. Let p be (-12 + 0)*8/(-24)*6. Calculate the highest common factor of a and p.
8
Suppose -1161 = -4*d + 3*f, -d - 2*f = -f - 285. Calculate the greatest common divisor of 18 and d.
18
Suppose -w - 48 = 5*l - 57, -23 = -5*w - 3*l. What is the highest common divisor of 80 and w?
4
Let m be (50/3)/(2/3). Suppose 0 = -b + 9 + m. Calculate the highest common factor of 51 and b.
17
Let q = -22 + 26. Let d be 1/q + (-598)/(-8). What is the highest common divisor of 15 and d?
15
Suppose 0 = -3*n + 5*n - 12. Let z be (-2)/(-20)*n + (-20196)/(-90). Calculate the greatest common factor of z and 25.
25
Let x be 6/(-3)*(-12 - -4)*11. What is the highest common divisor of 144 and x?
16
Suppose -2*r + 6 = -4. Suppose 0*q - r*q - 10 = 0. Let h be 23/1 - (-3 - q). What is the highest common factor of 72 and h?
24
Let y be -15*(4/(-10))/((-12)/(-10)). Suppose o + 4*m - 21 - 11 = 0, -o - y*m + 35 = 0. What is the highest common factor of o and 160?
20
Suppose -14*u + 10*u + 1652 = 0. What is the highest common factor of 7 and u?
7
Let x = 11 + -12. Let m be -2*x/(-4)*0. Suppose -2*k + 18 + 38 = m. What is the greatest common factor of k and 7?
7
Let i(k) = -2*k**2 + 30*k - 94. Let x be i(8). Calculate the greatest common factor of 2 and x.
2
Suppose 2*n + 20 = 3*d, 0*n - 3*n = 3*d. Suppose -d = 4*k - 20. What is the greatest common factor of k and 44?
4
Let r = -107 + 130. Suppose -r*s = -18*s - 240. Suppose 0 = 7*o - 2*o - 30. What is the greatest common divisor of o and s?
6
Suppose v = 2*w + 5*v - 216, -v = -4*w + 441. Calculate the highest common factor of 165 and w.
55
Let i(p) = p**2 - 6*p + 3. Let m be i(5). Let z be (65/m)/((-7)/28). Let n be (-20)/z + 134/26. What is the highest common factor of n and 10?
5
Let j(x) = x - 1. Let n be j(2). Suppose 4*t = 8 - 0. Suppose -10*l + t = -9*l. What is the greatest common divisor of l and n?
1
Let i(o) be the first derivative of -o**2 + 4 + 5/3*o**3 + 0*o + 1/4*o**4. Let r be i(-5). Calculate the highest common factor of r and 110.
10
Let i(d) = 4*d - 13. Let g be (-90)/(-27)*12/10. Let j be i(g). What is the highest common factor of j and 24?
3
Suppose 2*l - 4*h + 130 = 7*l, -3*l + 5*h + 115 = 0. Let d be (21/14)/((-2)/(-20)). What is the greatest common divisor of d and l?
15
Let k be (-14)/3*(-45)/30. Suppose -9*a + 28 = -k*a. Suppose 577 = 5*d + 17. Calculate the greatest common factor of d and a.
14
Suppose -3*z - 3*w + 363 = 0, -8*w + 4*w + 124 = z. Suppose k - 2 = 13. What is the greatest common divisor of z and k?
15
Suppose 5*y = -4*j + 15, j - 4*j = y + 8. Suppose -y*k + 3*k + 40 = 0. What is the greatest common divisor of k and 15?
5
Let q = 148 + -152. Let p(u) = -u**3 - 4*u**2 - 2*u - 3. Let b be p(-3). Let j be b/(-24) + (-503)/q. Calculate the greatest common divisor of 14 and j.
14
Suppose 1411 = 16*h - 11*h - y, -2*y - 566 = -2*h. What is the highest common factor of 752 and h?
94
Let s = -268 + 332. What is the greatest common factor of 40 and s?
8
Let x = 28 - 41. Let i = 24 + x. Calculate the greatest common divisor of i and 110.
11
Suppose 21*u + 432 = 33*u. What is the highest common divisor of u and 162?
18
Let q = -8 - -28. Let p = 170 - 155. Calculate the highest common factor of p and q.
5
Let a be (-3)/(-6)*(-17)/((-85)/30). Calculate the greatest common divisor of a and 303.
3
Suppose -11 = -5*z + 14. Suppose 5*k + z = 5*n, 5*n = -4*k + 2*k + 33. What is the highest common divisor of n and 5?
5
Let w = -300 + 328. What is the greatest common divisor of w and 42?
14
Let l(i) = 2*i + 65. Suppose 64 = -0*y - 4*y. Let s be l(y). What is the highest common divisor of 88 and s?
11
Let q = 26 + -34. Let v(u) = -u**3 - 7*u**2 + 8*u + 10. Let o be v(q). Calculate the highest common factor of 15 and o.
5
Let r(c) = 145*c - 13. Let s be r(4). Suppose -4*h - z = -578, -2*z + 9 = 4*h - s. What is the greatest common factor of 29 and h?
29
Let p(u) = -3*u**2 - 13 - 3 + 4*u**2 + 6*u + 2. Let q be p(-8). Suppose 0 = -w + 1 + 5. Calculate the greatest common factor of w and q.
2
Let a = 12 - 8. Suppose -5*n + a = 24, 4*t = 2*n + 32. Calculate the greatest common factor of t and 54.
6
Let u = -6 - -8. Let o be 22/1 - (8 - (3 + -8 + 17)). Calculate the highest common divisor of u and o.
2
Suppose -4*v = -5*n - 369, -56*v + 61*v = 4*n + 459. What is the highest common divisor of v and 21?
7
Suppose -4*b = -4*c + 300, -3*c + b - 5*b + 218 = 0. Let h = c - 39. Calculate the greatest common factor of 5 and h.
5
Let a = -136 - -487. Calculate the greatest common divisor of a and 27.
27
Suppose 2 = r - 2. Suppose b - 5*h + r = -3*h, 6 = -4*b - 2*h. Let t be (-3)/(-3)*(7 + b). What is the greatest common factor of t and 35?
5
Let q = -318 + 371. Calculate the greatest common factor of q and 2.
1
Suppose -348 + 3439 = -11*m. Let k(j) = -153*j + 2. Let g be k(3). Let d = m - g. Calculate the highest common factor of 16 and d.
16
Suppose -5*r - 6*a = -2*a - 1252, 1000 = 4*r + 4*a. What is the greatest common divisor of r and 16?
4
Suppose 0 = y + 61 - 454. Let u = -262 + y. Suppose -3*g = -3*i - 357, 0 = g + 3*i + 2*i - u. Calculate the highest common factor of 11 and g.
11
Let v(w) = 8*w**2 - 15*w + 3. Let c be v(-3). Calculate the highest common divisor of c and 1280.
40
Let m be 369/4 - (-6)/(-24). Suppose 9*n - m - 16 = 0. What is the highest common factor of n and 18?
6
Let x be (1 - 5) + 8 + (4 - 1). Suppose -3*r - 7 = -1. Let l = r + 3. What is the greatest common factor of x and l?
1
Let b(n) = -n**2 - 15*n + 90. Let d be b(-17). Calculate the highest common factor of 35 and d.
7
Let c be ((-6)/(-8))/(7 - 585/84). What is the highest common divisor of c and 483?
21
Suppose 0 = 2*m - 5*y - 145, 7*m - 4*y - 228 = 4*m. Calculate the greatest common factor of 2320 and m.
80
Let v be (-10)/25 - 24/(-10). Let k be 2/((-12)/20 - v/(-3)). Calculate the highest common divisor of 330 and k.
30
Let b(z) = -2*z**3 - z**2 + 2*z + 1. Let t(s) = s**3 - 5*s**2 - 3*s + 11. Let x be t(5). Let o be b(x). Calculate the greatest common divisor of o and 70.
35
Let k = 8 - -28. Let s = -37 - -19. Let h(